
29
Calculate the highest common divisor of 1320 and 3615.
15
Calculate the greatest common divisor of 6 and 12126.
6
Calculate the greatest common factor of 180 and 62085.
15
Calculate the highest common divisor of 458 and 4353290.
458
Calculate the greatest common factor of 21555 and 20.
5
Calculate the highest common divisor of 35397 and 1748.
437
Calculate the greatest common factor of 3256075 and 417.
139
Calculate the greatest common divisor of 333720 and 6695.
515
What is the greatest common divisor of 250 and 41240?
10
What is the greatest common divisor of 38987 and 793?
13
Calculate the greatest common factor of 663 and 12242295.
663
What is the greatest common divisor of 5550 and 94794?
222
What is the greatest common divisor of 183 and 112911?
183
What is the highest common divisor of 171 and 15751?
19
Calculate the highest common factor of 3 and 1307.
1
What is the highest common divisor of 43 and 6255511?
43
Calculate the highest common divisor of 741108 and 60.
12
What is the highest common divisor of 9052 and 11826?
146
What is the greatest common divisor of 735 and 240135?
105
Calculate the highest common divisor of 200 and 25880.
40
What is the highest common divisor of 36 and 104823?
9
What is the highest common divisor of 120 and 26445?
15
What is the greatest common divisor of 43869 and 42?
21
What is the greatest common divisor of 3444 and 74948?
164
Calculate the highest common factor of 9373 and 2781.
103
What is the greatest common divisor of 15630 and 810?
30
What is the greatest common factor of 510425 and 475?
25
Calculate the greatest common factor of 20905 and 37555.
185
What is the greatest common factor of 384 and 822?
6
What is the highest common factor of 150 and 3165?
15
What is the highest common divisor of 1757 and 259?
7
What is the highest common divisor of 96 and 636?
12
What is the highest common divisor of 36630 and 285?
15
What is the greatest common divisor of 29 and 227389?
29
What is the greatest common factor of 69 and 543513?
69
Calculate the greatest common divisor of 84 and 46872.
84
What is the highest common divisor of 17213 and 378?
7
Calculate the greatest common divisor of 1922427 and 156.
39
What is the greatest common factor of 9 and 80832?
3
What is the highest common divisor of 5246 and 93224?
86
What is the greatest common factor of 84450 and 325?
25
What is the greatest common factor of 23638 and 4876?
106
What is the greatest common divisor of 5352 and 3017636?
892
What is the highest common divisor of 392 and 7742?
98
Calculate the greatest common divisor of 2996615 and 155.
155
Calculate the greatest common divisor of 662701 and 247.
247
Calculate the greatest common divisor of 8005 and 15.
5
What is the greatest common factor of 60 and 95265?
15
What is the highest common factor of 3241695 and 5?
5
What is the highest common factor of 175 and 352765?
35
Calculate the greatest common factor of 4965058 and 42.
14
Calculate the greatest common factor of 108 and 9540.
36
Calculate the highest common divisor of 397422 and 18.
18
Calculate the greatest common factor of 195604 and 3.
1
Calculate the highest common divisor of 9131 and 8734.
397
Calculate the greatest common divisor of 222759 and 954.
477
What is the greatest common divisor of 95142 and 21008?
202
Calculate the highest common divisor of 176 and 32816.
16
Calculate the greatest common factor of 1376 and 10664.
344
Calculate the greatest common divisor of 14 and 65443.
7
Calculate the greatest common factor of 7373 and 67525.
73
What is the greatest common divisor of 363332 and 4?
4
What is the greatest common divisor of 42 and 26466?
6
Calculate the greatest common factor of 5112 and 1956.
12
What is the greatest common factor of 450 and 279?
9
What is the greatest common factor of 199264 and 325?
13
What is the highest common factor of 34243 and 4528?
283
Calculate the highest common factor of 62435 and 125.
5
Calculate the highest common divisor of 180 and 2802708.
36
Calculate the greatest common factor of 11832 and 29784.
408
Calculate the greatest common divisor of 9 and 54099.
9
What is the greatest common divisor of 240 and 15660?
60
What is the highest common factor of 18 and 133308?
18
Calculate the highest common divisor of 1212 and 2904.
12
What is the highest common divisor of 517 and 2977403?
517
What is the greatest common divisor of 482 and 194246?
482
What is the highest common divisor of 78 and 4381?
13
What is the greatest common divisor of 125016 and 48?
24
Calculate the highest common divisor of 32227 and 44421.
871
What is the greatest common divisor of 17372 and 3232?
404
What is the greatest common factor of 71148 and 4158?
462
What is the greatest common divisor of 318 and 664302?
318
What is the highest common factor of 57897 and 819?
63
Calculate the highest common divisor of 38645 and 10.
5
Calculate the greatest common divisor of 23 and 409860.
23
What is the highest common divisor of 149545 and 88?
11
Calculate the greatest common divisor of 1202527 and 71.
71
What is the greatest common divisor of 4220 and 465044?
844
Calculate the greatest common divisor of 711 and 308969.
79
What is the highest common factor of 476 and 396848?
68
What is the greatest common factor of 397915 and 10?
5
Calculate the highest common divisor of 3302 and 77090.
26
Calculate the highest common divisor of 14 and 1741376.
14
Calculate the greatest common factor of 89170 and 25160.
370
Calculate the greatest common factor of 350 and 2257325.
175
What is the highest common divisor of 4501 and 62371?
643
Calculate the greatest common factor of 287 and 458462.
41
Calculate the highest common factor of 808066 and 42.
14
Calculate the highest common factor of 750 and 8150.
50
Calculate the highest common factor of 144 and 216.
72
What is the highest common factor of 96 and 668800?
32
Calculate the greatest common factor of 125273 and 170.
17
What is the highest common factor of 26 and 36283?
13
Calculate the highest common factor of 1267 and 301.
7
What is the greatest common factor of 4270 and 11690?
70
Calculate the greatest common divisor of 821 and 15612136.
821
What is the greatest common divisor of 798000 and 4550?
350
What is the highest common factor of 927 and 51?
3
Calculate the highest common factor of 6798 and 297.
33
Calculate the greatest common divisor of 264 and 205986.
66
Calculate the highest common factor of 32 and 1190320.
16
Calculate the greatest common divisor of 3644 and 44639.
911
Calculate the greatest common divisor of 13482 and 504.
126
Calculate the greatest common factor of 2704 and 129168.
208
What is the highest common divisor of 12126 and 2256?
282
Calculate the greatest common factor of 1365 and 465855.
195
Calculate the greatest common divisor of 18815 and 4615.
355
Calculate the highest common divisor of 11931 and 6396.
123
Calculate the highest common divisor of 266 and 449654.
38
Calculate the highest common divisor of 316692 and 657.
9
Calculate the greatest common divisor of 900 and 688500.
900
Calculate the highest common divisor of 2570 and 70.
10
Calculate the highest common factor of 7610 and 391154.
1522
Calculate the highest common factor of 7 and 58909.
1
Calculate the highest common divisor of 39 and 319709.
13
Calculate the greatest common divisor of 171 and 26258.
19
Calculate the highest common divisor of 60256 and 1345.
269
What is the greatest common factor of 1839 and 2199?
3
Calculate the highest common factor of 54263 and 22.
11
What is the highest common divisor of 1194718 and 438?
146
What is the highest common factor of 309 and 129?
3
Calculate the greatest common factor of 31472 and 1512.
56
Calculate the highest common factor of 15028 and 1445.
289
Calculate the greatest common factor of 165 and 618365.
55
What is the highest common divisor of 43727 and 3942?
73
What is the greatest common divisor of 8024126 and 58?
58
What is the highest common divisor of 267484 and 11480?
1148
What is the greatest common factor of 75 and 527715?
15
Calculate the greatest common factor of 172174 and 558.
62
Calculate the highest common factor of 60 and 155.
5
What is the greatest common factor of 832 and 625560?
104
Calculate the greatest common divisor of 1177 and 44.
11
W